?
2, 7, 61
What are the prime factors of 822?
2, 3, 137
List the prime factors of 2078.
2, 1039
List the prime factors of 49408.
2, 193
List the prime factors of 30182.
2, 15091
List the prime factors of 24271.
13, 1867
List the prime factors of 135247.
7, 139
What are the prime factors of 50215?
5, 11, 83
What are the prime factors of 717?
3, 239
What are the prime factors of 2713?
2713
What are the prime factors of 21129?
3, 7043
What are the prime factors of 472?
2, 59
What are the prime factors of 532?
2, 7, 19
List the prime factors of 8924.
2, 23, 97
What are the prime factors of 90687?
3, 19, 37, 43
List the prime factors of 5422.
2, 2711
What are the prime factors of 4263?
3, 7, 29
List the prime factors of 789.
3, 263
List the prime factors of 3365.
5, 673
List the prime factors of 16895.
5, 31, 109
List the prime factors of 107216.
2, 6701
What are the prime factors of 8328?
2, 3, 347
What are the prime factors of 7698?
2, 3, 1283
What are the prime factors of 28667?
109, 263
What are the prime factors of 158331?
3, 89, 593
List the prime factors of 2022.
2, 3, 337
List the prime factors of 1575.
3, 5, 7
List the prime factors of 1611.
3, 179
What are the prime factors of 3799?
29, 131
What are the prime factors of 38071?
11, 3461
What are the prime factors of 32703?
3, 11, 991
List the prime factors of 60.
2, 3, 5
What are the prime factors of 1130?
2, 5, 113
List the prime factors of 2296.
2, 7, 41
List the prime factors of 738.
2, 3, 41
What are the prime factors of 973?
7, 139
What are the prime factors of 49119?
3, 7, 2339
What are the prime factors of 458?
2, 229
List the prime factors of 2041.
13, 157
List the prime factors of 3243.
3, 23, 47
List the prime factors of 3482.
2, 1741
List the prime factors of 103783.
67, 1549
List the prime factors of 885.
3, 5, 59
What are the prime factors of 1565?
5, 313
List the prime factors of 4522.
2, 7, 17, 19
List the prime factors of 820.
2, 5, 41
What are the prime factors of 82293?
3, 27431
What are the prime factors of 2386?
2, 1193
What are the prime factors of 823?
823
List the prime factors of 519.
3, 173
What are the prime factors of 27590?
2, 5, 31, 89
What are the prime factors of 11987?
11987
List the prime factors of 7598.
2, 29, 131
List the prime factors of 346.
2, 173
What are the prime factors of 3047?
11, 277
List the prime factors of 359.
359
List the prime factors of 2237.
2237
List the prime factors of 12972.
2, 3, 23, 47
What are the prime factors of 1137?
3, 379
List the prime factors of 701.
701
What are the prime factors of 2490?
2, 3, 5, 83
List the prime factors of 108961.
108961
List the prime factors of 456.
2, 3, 19
List the prime factors of 1263.
3, 421
List the prime factors of 35159.
35159
What are the prime factors of 3468?
2, 3, 17
What are the prime factors of 536?
2, 67
What are the prime factors of 62223?
3, 7, 2963
List the prime factors of 57657.
3, 19219
What are the prime factors of 7051?
11, 641
What are the prime factors of 11376?
2, 3, 79
What are the prime factors of 1851?
3, 617
What are the prime factors of 18341?
18341
List the prime factors of 42846.
2, 3, 37, 193
What are the prime factors of 54985?
5, 7, 1571
List the prime factors of 971.
971
List the prime factors of 2112.
2, 3, 11
What are the prime factors of 5881?
5881
List the prime factors of 59373.
3, 733
What are the prime factors of 64734?
2, 3, 10789
What are the prime factors of 180804?
2, 3, 13, 19, 61
What are the prime factors of 1168?
2, 73
What are the prime factors of 8599?
8599
What are the prime factors of 25830?
2, 3, 5, 7, 41
List the prime factors of 142.
2, 71
List the prime factors of 221.
13, 17
What are the prime factors of 44703?
3, 4967
List the prime factors of 18.
2, 3
List the prime factors of 1731.
3, 577
What are the prime factors of 1369?
37
What are the prime factors of 8187?
3, 2729
List the prime factors of 30850.
2, 5, 617
List the prime factors of 39037.
103, 379
What are the prime factors of 24725?
5, 23, 43
List the prime factors of 1317.
3, 439
What are the prime factors of 1150?
2, 5, 23
List the prime factors of 1992.
2, 3, 83
What are the prime factors of 123371?
107, 1153
What are the prime factors of 5?
5
What are the prime factors of 84910?
2, 5, 7, 1213
What are the prime factors of 16654?
2, 11, 757
What are the prime factors of 9241?
9241
List the prime factors of 41431.
13, 3187
What are the prime factors of 4458?
2, 3, 743
List the prime factors of 15974.
2, 7, 163
What are the prime factors of 1523?
1523
What are the prime factors of 3149?
47, 67
List the prime factors of 17076.
2, 3, 1423
What are the prime factors of 415?
5, 83
List the prime factors of 2080.
2, 5, 13
List the prime factors of 11363.
11, 1033
List the prime factors of 5300.
2, 5, 53
What are the prime factors of 5310?
2, 3, 5, 59
List the prime factors of 2015.
5, 13, 31
List the prime factors of 1189.
29, 41
What are the prime factors of 6778?
2, 3389
What are the prime factors of 314?
2, 157
List the prime factors of 835.
5, 167
What are the prime factors of 1365?
3, 5, 7, 13
List the prime factors of 13523.
13523
List the prime factors of 884.
2, 13, 17
List the prime factors of 149608.
2, 18701
What are the prime factors of 42272?
2, 1321
List the prime factors of 63.
3, 7
List the prime factors of 15621.
3, 41, 127
List the prime factors of 18329.
18329
List the prime factors of 41509.
13, 31, 103
What are the prime factors of 42508?
2, 10627
List the prime factors of 51590.
2, 5, 7, 11, 67
What are the prime factors of 1861?
1861
List the prime factors of 4559.
47, 97
What are the prime factors of 8953?
7, 1279
List the prime factors of 5231.
5231
List the prime factors of 2298.
2, 3, 383
What are the prime factors of 1259?
1259
List the prime factors of 4177.
4177
What are the prime factors of 44123?
44123
What are the prime factors of 1106?
2, 7, 79
List the prime factors of 11758.
2, 5879
What are the prime factors of 2275?
5, 7, 13
What are the prime factors of 1146?
2, 3, 191
List the prime factors of 3736.
2, 467
What are the prime factors of 1081?
23, 47
What are the prime factors of 24111?
3, 19, 47
What are the prime factors of 364?
2, 7, 13
List the prime factors of 77094.
2, 3, 4283
What are the prime factors of 177?
3, 59
What are the prime factors of 7151?
7151
What are the prime factors of 10772?
2, 2693
What are the prime factors of 2797?
2797
List the prime factors of 11341.
11, 1031
What are the prime factors of 36?
2, 3
List the prime factors of 246.
2, 3, 41
List the prime factors of 573.
3, 191
List the prime factors of 18383.
31, 593
What are the prime factors of 1286?
2, 643
What are the prime factors of 852?
2, 3, 71
List the prime factors of 475.
5, 19
What are the prime factors of 14958?
2, 3, 277
What are the prime factors of 7518?
2, 3, 7, 179
List the prime factors of 76.
2, 19
What are the prime factors of 11163?
3, 61
What are the prime factors of 2079?
3, 7, 11
List the prime factors of 2592.
2, 3
What are the prime factors of 3718?
2, 11, 13
List the prime factors of 91444.
2, 22861
What are the prime factors of 5469?
3, 1823
What are the prime factors of 5095?
5, 1019
List the prime factors of 4495.
5, 29, 31
List the prime factors of 29514.
2, 3, 4919
List the prime factors of 2745.
3, 5, 61
List the prime factors of 85564.
2, 21391
What are the prime factors of 509?
509
What are the prime factors of 4341?
3, 1447
List the prime factors of 42066.
2, 3, 19, 41
List the prime factors of 3158.
2, 1579
List the prime factors of 3645.
3, 5
What are the prime factors of 594?
2, 3, 11
List the prime factors of 17611.
11, 1601
List the prime factors of 1124.
2, 281
List the prime factors of 1032.
2, 3, 43
What are the prime factors of 9408?
2, 3, 7
List the prime factors of 117526.
2, 58763
What are the prime factors of 9381?
3, 53, 59
List the prime factors of 38312.
2, 4789
List the prime factors of 44999.
17, 2647
What are the prime factors of 18686?
2, 9343
List the prime factors of 400.
2, 5
List the prime factors of 9912.
2, 3, 7, 59
What are the prime factors of 10148?
2, 43, 59
List the prime factors of 451.
11, 41
What are the prime factors of 256?
2
What are the prime factors of 68590?
2, 5, 19
What are the prime fact